igit of a + 0 - m*2?
1
What is the units digit of (434 - 329)/((-2)/(-1462))?
5
Suppose -174 = -4*i - 154. Suppose -n = -i*n + 144. Suppose -5*p + 5*t + 105 = 0, 0 = -p - t - t + n. What is the tens digit of p?
2
Let k = -60 - -68. Let l be k/6*((-27)/(-6) - 3). What is the units digit of l*2/4*548/4?
7
Suppose -3*x - 1 = 2*o, -x + 5*o + 40 = 4*x. What is the hundreds digit of (-4)/x - 65345/(-105)?
6
Let x(r) = -r**3 + 167*r**2 - 552*r + 715. What is the units digit of x(162)?
1
Let g(o) = -4159*o**3 - 5*o - 6. Let v be g(-1). Suppose -8*w + v = 19*w. What is the units digit of w?
4
Suppose 0 = -101*q + 26*q - 75. Suppose 1 + 7 = -2*s. What is the tens digit of (7236/(-180))/(s/(-5) + q)?
0
Let q(m) be the first derivative of -10*m**4 - m**3 + 26. Let o be q(-2). Let t = o - 41. What is the hundreds digit of t?
2
Let t = -86 + 119. Let s be 6/t - -2121*3/33. What is the hundreds digit of s*-4*1/(-4)?
1
Let v(i) be the third derivative of 1/3*i**3 + 0 - i**2 + 0*i - 1/24*i**4. What is the units digit of v(-1)?
3
Let w be (-2)/(38/(-12) + 3). Let x = 24 - w. What is the units digit of (69/2)/(2/x*3)?
9
Let f(l) = 84*l**2 - 89*l + 851. What is the tens digit of f(19)?
8
Let s be (-13 + 451/33)/(4/234). Let k(r) = -r + 10. Let a be k(0). Suppose -11*j + s = -a*j. What is the tens digit of j?
3
Suppose -114 = -x + 52. Let d = -530 + 772. Let c = d - x. What is the tens digit of c?
7
Suppose 10 = 6*w - w. Let d be ((-5444)/(-10))/w - (-2)/(-10). Suppose -5*l - c = -d - 59, 2*l + 2*c = 126. What is the tens digit of l?
6
Let j(i) = 2*i**3 - 70*i**2 - 49*i + 91. What is the units digit of j(38)?
3
Let c = -5362 - -12660. What is the units digit of c?
8
Let j = 976 + 22105. What is the thousands digit of j?
3
Let v(u) = 2*u + 33. Let b be v(-15). Let f be ((-460)/(-15))/(2/b). Suppose 5*p + f + 132 = 4*o, -245 = -5*o - 5*p. What is the tens digit of o?
4
Let y(z) = 136*z**2 + 133*z + 21. What is the hundreds digit of y(-7)?
7
Suppose -31406 = -v - 149. What is the units digit of v?
7
Suppose -2*b + 3*f + 14665 = 0, 23*b - 19*b - 5*f = 29337. What is the thousands digit of b?
7
Let o(r) = -r**2 + 63*r - 70. Let f be (-66)/(-44) + (-95)/(-2). What is the units digit of o(f)?
6
Suppose -3*v + 5*u = -7*v + 3772, v - 2*u - 956 = 0. Let w = -728 + v. What is the units digit of w?
0
Suppose 5*w - 3*g = -1297, 2*g = 8*w - 3*w + 1298. Let p = w - -429. What is the hundreds digit of p?
1
Let h(z) = -1080*z + 39957. What is the ten thousands digit of h(0)?
3
Let c = 744 + -341. Let p = c - -247. What is the hundreds digit of p?
6
Let f = -20575 + 36702. What is the ten thousands digit of f?
1
Let l(m) = -m**2 - 13*m. Let i be l(-14). Let n(j) = 2*j + 33. Let a be n(i). Suppose 85 = a*c - 180. What is the units digit of c?
3
Let o = -3964 - -25344. What is the hundreds digit of o?
3
Suppose 130*v = 44*v + 423378. What is the hundreds digit of v?
9
Let q(a) = -526*a + 96. Let h be q(-28). Suppose h = -49*b + 66*b. What is the units digit of b?
2
Suppose 0 = -2*z - 3*z + 100. Suppose -41*h + z*h + 17766 = 0. What is the units digit of h?
6
Suppose 273*z - 269*z = 31276. Suppose -28*m = -35*m + z. What is the tens digit of m?
1
Suppose 0 = -8*c - 531 - 189. Let f be (3/9)/((-5)/c). Let i(u) = 6*u - 17. What is the tens digit of i(f)?
1
Let n be 1/(-7) - (-200)/28. Let z be 6/(n + -4) - -20. Let x = 84 + z. What is the units digit of x?
6
What is the tens digit of ((6/(-15))/(-1))/((-13)/(-199810))?
4
Suppose 0 = 5*r - 2*w - 63739, -41*r + 3*w - 50982 = -45*r. What is the thousands digit of r?
2
Suppose 1095 = -3*b - 3*q, -124 = b + 2*q + 237. Let d = 2095 + b. What is the thousands digit of d?
1
Let u(y) = 38*y**2 + y - 1. Let a be u(1). Suppose -65 = -67*m + 72*m. Let b = m + a. What is the units digit of b?
5
What is the units digit of ((-1)/(-4))/(18/(-360)) + 5616?
1
Let h(w) be the second derivative of w**5/20 + 3*w**4/2 + 11*w**3/3 + 25*w**2/2 - 74*w. What is the units digit of h(-14)?
1
What is the units digit of ((-209088)/112)/((-20)/70)?
4
Suppose 2*r + 44 - 56 = 0, 2*j + 3*r = 25718. What is the tens digit of j?
5
Let g(w) = 113*w**2 - 116*w + 30. What is the hundreds digit of g(-11)?
9
Let y = 3199 + -1322. Let v = y - 383. What is the thousands digit of v?
1
What is the hundreds digit of -5 + (-35)/5 + (-7 - (-8653 + 9))?
6
Suppose -5*p - 8594 = -6*p + 5*v, -2*v - 42924 = -5*p. What is the tens digit of p?
8
Suppose -2*y = -2*g + 1790, -2*g + 4*y + 1805 = 5*y. Suppose 6*m - 21*m = -g. What is the units digit of m?
0
Let p(k) = 100*k**2 - 123*k + 1295. What is the hundreds digit of p(12)?
2
Let d = -28 + 59. Let n = d + -6. Let b = n + -23. What is the units digit of b?
2
Suppose -7 = d + 4*s, 0 = -0*s - 4*s - 8. Let b(g) be the second derivative of 101*g**4/12 - g**3/6 + 30*g - 14. What is the hundreds digit of b(d)?
1
Suppose 4*h + 3*p = 276, -p + 12 = 2*p. Let q = h + -34. What is the units digit of 0/4 + (q - -1)?
3
What is the units digit of (-770 + -1)*(-110)/(-220)*26/(-3)?
1
Let o(d) be the first derivative of 3/2*d**2 + 35 + 0*d + 1/4*d**4 + 10/3*d**3. What is the hundreds digit of o(-7)?
1
Let f = 5064 + -3041. What is the units digit of f?
3
Let f = 6592 + 3128. What is the tens digit of f?
2
Let u(b) = -b**2 - 8*b + 3. Let m be u(-4). Let c(q) = 4 + 2*q**2 - 7*q - m + 0*q**2. What is the units digit of c(10)?
5
What is the thousands digit of (6744/(-42))/(3/(-546)) - -10?
9
Suppose -3*h = 94 - 85. What is the units digit of 4 + 128 + 1/(h/(-6))?
4
Suppose 6*l + l + 7 = 0. Let i be (l + 1)*13/26. Suppose -z + 182 + 65 = 3*c, i = 4*c - 4*z - 356. What is the tens digit of c?
8
Suppose 4*v - 6*v + 4*w = 214, -5*w - 365 = 3*v. Let l = 519 + v. What is the units digit of l?
4
Let d(u) = 5*u + 24. Let k be d(-6). Let f(r) = -10*r + 2*r**2 + 0*r**2 - r**3 - 7*r**2 - 7. What is the tens digit of f(k)?
8
Let u be 7140/(-14)*(-6)/(-9). Let j = u - -594. What is the units digit of j?
4
Suppose 0 = 23*a + 926 - 8424. Suppose 4*c = -5*p + 1863, -c - a = 4*p - 1823. What is the tens digit of p?
7
Let f be 20/(-24)*-2*18/15. What is the units digit of (f + -3 + 0)/(3/(-3738))?
6
Let n = -14492 - -37489. What is the ten thousands digit of n?
2
Let d be (-2)/((-2 + 1)/2). Suppose 0 = 4*n - d - 220. Let i = -39 + n. What is the tens digit of i?
1
Let o(w) = -w**3 - 19*w**2 + 21*w + 22. Let s be -8 + 180/22 + (-233)/11. What is the hundreds digit of o(s)?
4
Suppose -5*g = -20, 15*r = 10*r - g - 1336. Let s be 2/(-2)*2274/6. Let u = r - s. What is the units digit of u?
1
Let g be (-14)/(-6)*(9 - 7 - -4). Let l = 49 - g. Suppose -70 - l = -3*x. What is the units digit of x?
5
Let r = 86636 - 33229. What is the ten thousands digit of r?
5
Let l = -11687 - -31563. What is the hundreds digit of l?
8
Suppose 5*o + 4*b + b = 10, -4*o + b = -28. Suppose -1704 = -o*w - 0*w. What is the tens digit of w?
8
Suppose 79*v - 429792 = 6*v + 407664. What is the units digit of v?
2
Suppose 0*g - 1763884 = -11*g - 27*g. What is the ten thousands digit of g?
4
Let u = -4 - 115. Let p = u + 431. What is the units digit of p?
2
Let z(n) = 27*n**2 + 36*n + 85. What is the hundreds digit of z(6)?
2
Let f(j) be the second derivative of -35*j**3/6 - 9*j**2 + 2*j + 41. What is the units digit of f(-13)?
7
Let f(g) = -26*g**3 + 7*g**2 - 32*g - 145. What is the units digit of f(-4)?
9
Let z(p) = p**3 + 11*p**2 + 11*p - 12. Let j(f) = -3*f**3 - 2*f**2 - 2*f + 1. Let u be j(-2). Let v be u/(-35) - 37/5. What is the units digit of z(v)?
2
Suppose -784 - 5516 = -14*z. Suppose -5*h - 226 = -c, 3*h + 50 = -2*c + z. What is the units digit of c?
6
Let d(u) = 26*u + 50. Let z(y) = 26*y + 50. Let k(v) = 2*d(v) - 3*z(v). What is the units digit of k(-10)?
0
Let f = 6004 - 2175. Suppose -2*u + 1534 = -4*z, 5*u - 2*z - f = 2*z. What is the hundreds digit of u?
7
Let w(u) = 8*u - 7. Let j be w(-6). Let h = 58 + j. Suppose 0 = 4*t - h*m - 330, -3*t = -4*t + 5*m + 91. What is the units digit of t?
1
Suppose 4*b - 3*b = 4. Suppose -44*g - 11 + 187 = 0. Suppose -k + 0*h = 5*h - 94, -b*h - 256 = -g*k. What is the tens digit of k?
6
Suppose 41*x - 302296 = -17*x. What is the units digit of x?
2
Let g(q) = 17*q**2 - 118*q - 153. What is the hundreds digit of g(-28)?
4
Let z(b) be the third derivative of 